alse
Suppose 28084 = y + 5*x, 3*x = 3*y - 20018 - 64288. Is y a prime number?
True
Suppose 2*b + 35761 = 5*l, -4*b - 15 = b. Is l a prime number?
True
Let x = 7 - 0. Let h(z) = 182*z - 21. Let n be h(x). Suppose -r + 5*t + 120 = -289, 2*t + n = 3*r. Is r a prime number?
True
Suppose 0 = 7*f - 2*f + 3665. Let v = f + 2507. Is v a composite number?
True
Suppose -2*y + 7 = p - 2*p, y = 3*p + 11. Let s(k) be the second derivative of -227*k**3/6 - k**2 + 5*k - 5. Is s(p) composite?
True
Is -21*2/(-6) - -15948 prime?
False
Let c(d) be the third derivative of 143*d**4/4 + 5*d**3/6 - 12*d**2. Is c(1) composite?
False
Let m be (-9)/(-3) - (-4 + -484). Suppose -2455 = -5*o - 4*p, -o - 3*p - 2*p = -m. Is o composite?
False
Let k(c) = -13*c**2 + 27*c - 17. Let f(y) = 6*y**2 - 13*y + 9. Let j(m) = 9*f(m) + 4*k(m). Is j(-6) a composite number?
False
Suppose -m - 34*k + 3024 = -29*k, m - 2994 = k. Is m a composite number?
False
Let y(z) = 3195*z**3 + 1. Is y(2) a composite number?
False
Let j = -56568 - -90817. Is j a composite number?
True
Let w(d) = -d**3 + 2*d**2 + 5*d - 6. Let p be w(3). Suppose p*y - 186 = -6*y. Is y a prime number?
True
Suppose -7*n + 18652 = -3*n - 4*f, 13989 = 3*n - 4*f. Is n a prime number?
True
Let r = 23 + -15. Let f be (7050/24)/(2/r). Suppose f = -0*l + 5*l. Is l a composite number?
True
Let q(c) = -165*c + 65. Is q(-16) a prime number?
False
Let x = 48 + -32. Suppose -389 = -l + 2*u, 0 = -l - 12*u + x*u + 381. Is l composite?
False
Let q = -7406 - -14347. Is q a composite number?
True
Let f(c) = -162*c - 7. Let i be f(3). Let j = i + 1172. Is j prime?
False
Let g(u) = u**3 + 11*u**2 - 18*u + 16. Let o be g(-15). Let v = -357 - o. Is v prime?
True
Suppose 8*n - 16 = 4*n. Suppose f + n*f + 20 = 0. Let y = 17 + f. Is y a composite number?
False
Let w(f) = 1207*f**2 - 16*f - 58. Is w(-7) composite?
False
Let b(h) = 27*h**3 - 2*h**2 + h + 2. Let c be b(2). Let a = c - 121. Is a prime?
False
Let h = 20 - 4. Let z be (284/(-16))/((-2)/h). Suppose 0 = -3*b + 4*i + 633, -3*b + 491 + z = -i. Is b a prime number?
True
Let z(s) = 73*s - 1. Let n be (-2 - -5)*(-16)/(-12). Suppose 4*k = -3*l + 1 + 5, 2*l = 4*k + n. Is z(l) composite?
True
Let v(k) = -291*k - 23. Is v(-4) a composite number?
True
Suppose 3 = 2*k - 1. Let x(i) = 1 + 11*i**2 + i**2 + 3*i + 2 - k. Is x(-2) prime?
True
Suppose 4*v - 20 = 0, 42 = 5*x - 4*v - 38. Let q be 88/x + (-4)/10. Suppose 0 = 4*u + 12, -6*i + 2*i + q*u = -352. Is i a prime number?
False
Let o(l) = -l**3 - l**2 + l + 1. Let z = 7 - 6. Let i(m) = -9*m**3 - 7*m**2 - 2*m + 7. Let v(u) = z*i(u) - 2*o(u). Is v(-6) prime?
True
Let i = 63004 - 32663. Is i a composite number?
False
Let q(b) = 15*b**3 - b**2 + 2*b + 4. Let v(o) = o**2 - 6*o**2 - 2*o**2 + 6*o**2 - 1. Let a(g) = q(g) + 3*v(g). Is a(2) composite?
False
Let i = 126 - 124. Is i - 2 - (-2 - 581) prime?
False
Let g(c) be the first derivative of -50*c**2 - 5*c + 13. Is g(-4) a composite number?
True
Is (-48)/168 + (-14055)/(-21) composite?
True
Let c = 1352 - 712. Let p = -314 + c. Is p a prime number?
False
Let j be 18/(-72) - 13/(-4). Let c be -70 + (-4)/(6/j). Let a = c + 119. Is a a composite number?
False
Let f(z) = -168*z + 11. Is f(-6) a composite number?
False
Suppose 36*o - 31*o - 6610 = 0. Suppose 8*z - o = 1190. Is z a prime number?
False
Is (12 - 2 - 11)/(2/(-1362)) a composite number?
True
Suppose -2*k + 3*k = 80273. Is k composite?
False
Let q(d) = -540*d - 18. Let b be q(-8). Is b/(-1 - -3) + 2 a composite number?
False
Let i be (1/(-2))/((-5)/(-6440)). Let h = i - -909. Is h composite?
True
Let w(y) = y**2 + 19*y - 15. Let b be w(-20). Suppose 1653 = b*r - 592. Is r composite?
False
Let c be (-3)/(-2) - 230/(-4). Let j = c + -38. Suppose 3*l - j = 1056. Is l prime?
True
Let s = 132759 - 17420. Is s prime?
False
Let u be (-1705)/44*(1 + 3). Is 0 + -2 - (u - 4) a composite number?
False
Suppose 25*u + 15685 = 30*u. Is u a composite number?
False
Suppose -10*m + 19*m = 47178. Is m a prime number?
False
Let r = -16313 - -26424. Is r prime?
True
Let n(i) = 2*i**2 - 8*i - 7. Let q be n(5). Suppose -2*a = -q*v + 675, v + 2*a - 6 = 211. Is v prime?
True
Suppose 1122 + 759 = 3*n. Let w(h) = 13*h**3 + 2*h**2 - 4*h + 1. Let t be w(-3). Let r = n + t. Is r a prime number?
True
Let p = 49 + -40. Suppose -303 - 408 = -p*l. Is l composite?
False
Let v = 14 - 13. Let o be (-49)/(-21) + v/(-3). Is ((-57)/(-3) - o)*3 prime?
False
Let i(s) = -s. Let g(m) = -42*m + 1. Let f(t) = -g(t) + 2*i(t). Is f(2) a composite number?
False
Is 3880/3 + (-6)/18 a prime number?
False
Let m(f) be the first derivative of -9*f**3 + f**2 + 3*f - 1. Let v be m(-2). Let p = -30 - v. Is p a composite number?
False
Let t be (523/1)/((-4)/(-72)). Is t/34 - 16/(-136) a prime number?
True
Let m = 3757 + -1398. Suppose 16*n = 15*n + m. Is n prime?
False
Suppose 0 = -4*f + q + 29649, 40*f + 3*q = 41*f - 7426. Is f prime?
True
Let l(k) = 25*k**2 - 5*k + 4. Let n be l(4). Let i = n - 117. Is i prime?
False
Let f(i) be the third derivative of 7*i**5/20 - i**4/3 - i**3 + 23*i**2. Is f(3) prime?
False
Let f be (-2 - (-2 - -1))*(32 + -35). Suppose 5*o = -f*z + 4060, 5*o = 4*z + z + 4020. Is o composite?
False
Let d be (1 + -47)*20/(-1). Suppose -2*p + d = 2*p. Let z = p - 151. Is z a composite number?
False
Let z = 10 + -6. Suppose -5*d + 1985 = 3*j, -5 - 20 = 5*d. Suppose 895 = 3*p - z*m, -4*p + 2*m + 1850 = j. Is p a prime number?
True
Let v be 6/(-9) - 3/((-36)/164). Let r(n) = n**3 - 12*n**2 + 18*n - 12. Is r(v) a composite number?
True
Is ((-87)/(-58))/((-6)/(-3988)) a composite number?
False
Suppose r - 5*f = 69676, 4*r - 3*f = 51247 + 227508. Is r composite?
False
Suppose 0*m + 25 = 5*m. Suppose -3*d = -0*k - m*k - 4981, -4963 = -3*d - 4*k. Is d a composite number?
False
Let j(l) = l**3 + 4*l**2 - 5. Let u be j(-3). Suppose -3*n + 3*s = -8*n - 12, -3*s - 12 = -u*n. Suppose n = -2*f + 5*f - 753. Is f a prime number?
True
Suppose -3*r + 2*g + 37 = 0, 2*r - g - 16 = 7. Suppose r*x - 6*x = 105. Is x composite?
True
Suppose 83*y - 51*y - 20192 = 0. Is y prime?
True
Let w = -2944 + 1396. Let x = -545 - w. Is x a prime number?
False
Let f = -31 + 34. Suppose -75 = -f*w - 9. Is w a composite number?
True
Suppose d - 108551 = -4*j, 18*d - 23*d = 4*j - 108563. Is j a composite number?
True
Suppose 5*j - 641 = -v, -2*v + j - 638 = -1876. Suppose -3*t + v + 328 = -2*w, 0 = 4*t + 5*w - 1273. Is t a composite number?
False
Suppose 0 = -7*h + 2*h. Suppose -u - 2*c = -h*c - 35, 5*u = -c + 184. Let i = u - -6. Is i prime?
True
Let x(u) = u**2 + u - 1. Let r(p) = -12*p**2 + 6*p + 2. Let s(h) = -r(h) + 3*x(h). Is s(7) composite?
False
Is (0 - 24943)/(-146 - -145) a prime number?
True
Let v(a) = -228*a**2 - a - 1. Let y be v(-3). Let i = y - -4145. Is i composite?
True
Let x(z) = -1977*z + 141. Is x(-4) a prime number?
False
Let z(y) = 263*y + 465. Is z(4) a composite number?
True
Let h = 890 - 103. Is h a composite number?
False
Is -7 - (-2033672)/34 - (-4)/34 a composite number?
True
Let i = 43 + -25. Suppose -i*a - 388 = -22*a. Is a prime?
True
Suppose 52*h = 49*h + 1614. Let i = h - 333. Is i a prime number?
False
Let w(q) = -q**3 - 3*q**2 + 8*q - 6. Let y be w(-5). Let d = 4 - y. Suppose -5*l - 4*f + 1671 = 0, 5*l + 0*l - f - 1676 = d. Is l composite?
True
Suppose -14*t + 12*t + 15704 = 0. Suppose -4*n + 3832 = -t. Is n prime?
False
Let k(b) = -5*b**3 - 20*b**3 - 4*b + 4*b**3 + 2. Is k(-3) a prime number?
False
Suppose 5*g - 6217 - 10038 = 0. Is g a prime number?
True
Let r be 14*7*3/(-6). Let b = 289 + r. Let m = 445 - b. Is m composite?
True
Suppose -2*x - 7 = -2*m + 3*x, 0 = 3*m - 3*x + 3. Let b be -1 - m/(0 + 1). Suppose -b*n - 2*n = -115. Is n composite?
False
Let v(m) = -2*m**3 - 13*m**2 - 27*m - 29. Is v(-11) a prime number?
False
Suppose 3*b + b - 8 = 0. Let n be 1132*b*2/16. Let p = -122 + n. Is p prime?
False
Let a = 10 + -17. Let b = a - -30. Suppose 3*o - b = 2*o. Is o a composite number?
False
Let m(n) = -n + 565. Let s be (-4 + 34/8)*0. Is m(s) prime?
False
Is (-44462)/(-6) + -4 + (-140)/(-30) prime?
True
Let z = 693 - 1082. Let l = z - -808. Is l prime?
True
Suppose -2*q = -2*k - 33592, -3*k = -20*q + 25*q - 83972. Is q a prime number?
False
Let n = 2 + 1. Suppose -2*o = -n*o - 63. Le